-o**3 + 7*o**2 - 4*o - 7. Let c = -8 - -5. Let l be 1/c + (-30)/(-9). What are the prime factors of j(l)?
17
Suppose -26*q + 25*q = -2*l - 22250, 111206 = 5*q + l. What are the prime factors of q?
2, 3, 11, 337
List the prime factors of 2166564/57 + 58/551.
2, 3, 5, 7, 181
List the prime factors of 5299 + (12/(-10))/((-33)/110).
5303
Suppose 43*y + 1770412 = 146*y - 50*y. List the prime factors of y.
2, 7, 1193
Let q = 149 - -1109. List the prime factors of q.
2, 17, 37
Suppose 2*n - 50196 - 5633 = -5*v, 9 = -3*n. List the prime factors of v.
13, 859
Let x(o) = -o**3 + o**2 + 8*o + 265. Let t(h) = -38*h + 228. Let j be t(6). List the prime factors of x(j).
5, 53
Let w = 48 + -46. Suppose 0 = w*z - 4*n - 738, n = -90*z + 88*z + 718. List the prime factors of z.
19
Suppose 7*f + 33676 = 52983 + 37197. What are the prime factors of f?
2, 1009
Suppose 49*x - 47*x = 4. Let a(y) = 0*y**2 + 101*y**3 - y**2 - y + x - y. What are the prime factors of a(1)?
2, 5
Let b(g) = -8*g**2 - 5*g**2 - 3*g + 77*g**3 - 76*g**3 + 5 + 12*g**2 - 5*g**2. Let l = 21 + -13. List the prime factors of b(l).
109
List the prime factors of (-4)/38 - 45/((-5985)/647458).
2, 1217
What are the prime factors of 4/30 + (-11433325)/4875*-13?
3, 10163
Let r(i) = 137*i**2 - 151*i - 1117. What are the prime factors of r(-7)?
6653
Let h = -11543 + 29706. What are the prime factors of h?
41, 443
Suppose -b - 8540 = -5*k, 0 = 28*k - 29*k - 5*b + 1682. What are the prime factors of k?
3, 569
Let s = 35 - 25. Let c(z) = -54*z - 1 - 5 + s. List the prime factors of c(-2).
2, 7
Let o = -19 - -24. Suppose 2*k - 5*g = 319, -k + 6*g + 161 = o*g. List the prime factors of k.
2, 3
Let j(d) = d**3 + 7*d**2 + 7*d + 12. Let p be j(-6). Suppose p*c - 5*c = 367. Suppose c + 11 = 7*k. What are the prime factors of k?
2, 3
Suppose 2*v - 4*l + 1433 = 5217, 1864 = v + 5*l. Suppose -20*p + 26*p = v. List the prime factors of p.
2, 157
Let x(d) = d**3 - 7*d**2 + 10*d + 11. Let m be x(5). Suppose 39 = y + m. List the prime factors of y.
2, 7
Suppose -823 - 147 = 5*q. Let t = 312 + q. List the prime factors of t.
2, 59
Suppose -8*z + 50074 = -22763 - 53739. What are the prime factors of z?
2, 3, 293
Suppose -4*k = 2*v - 24262, -4*v - 28324 + 10122 = -3*k. List the prime factors of k.
2, 3, 337
Let b(r) = 450*r**2 - 33*r - 87. What are the prime factors of b(-3)?
2, 3, 677
Let k(q) = 2*q**2 + 12*q - 17. Suppose 5*v - 17 - 3 = 0. Let d(a) = -3*a**2 - 24*a + 35. Let n(w) = v*d(w) + 9*k(w). What are the prime factors of n(-6)?
131
Let r(c) = 79*c**2 - 77*c - 9. What are the prime factors of r(-15)?
3, 7, 17, 53
Let l = -70 + 83. Let d(x) = l + 2*x**3 - 16 - 5*x**2 - 10 + x. What are the prime factors of d(4)?
3, 13
List the prime factors of -4979*(-28)/182 + -4.
2, 3, 127
Let l(v) = 32*v + 10. Let t be l(3). Let y = t - 12. Let f = -43 + y. What are the prime factors of f?
3, 17
What are the prime factors of (4 - 1 - -9881) + (-10 - (12 - 18))?
2, 5, 13, 19
Suppose 12*j - 34222 = 2186. List the prime factors of (j/4 + -1)*(-30)/(-45).
5, 101
Let f(t) = -1342*t - 1699. List the prime factors of f(-22).
3, 5, 7, 53
Suppose -4*o = 4*b, 4*o - 2*o - 21 = 5*b. What are the prime factors of (0 + 400 - 2) + b?
5, 79
Let y = 310 + -308. List the prime factors of (28088/30)/y - (-26)/(-195).
2, 3, 13
Let c(j) be the first derivative of j**4/4 - 5*j**3/3 + j**2/2 + 20*j + 54. What are the prime factors of c(6)?
2, 31
Let f be (105/(-10) + 3)*-18. Suppose -p = -3*t + 193, -4*t = -4*p - 125 - f. Suppose -t*h = -68*h + 560. What are the prime factors of h?
2, 5, 7
Suppose -9*c + 135943 + 59530 + 107782 = 0. List the prime factors of c.
5, 23, 293
Suppose -5*t + 6*y = 10*y + 829, 0 = -4*t - y - 672. Let a = 275 + t. What are the prime factors of a?
2, 53
Suppose 2*r - 3830 = -5*v + 4788, v + 3*r - 1708 = 0. What are the prime factors of v?
2, 863
Suppose -23*k + 20*k + 9 = 0. Suppose -336 = -2*d - d - k*y, 0 = -4*d + 4*y + 464. List the prime factors of d.
2, 3, 19
What are the prime factors of ((-80806)/55)/(-4 + 108/30)?
3673
Let d = 1392 + 3973. What are the prime factors of d?
5, 29, 37
What are the prime factors of (2 - 20) + 10 - (-62073 + 10)?
3, 5, 7, 197
Let l be (-8)/28 + (93/7 - 3). Let y be (-2)/(-10) + 118/l. What are the prime factors of 6/(-36) + 1082/y?
2, 3, 5
Suppose 61433 - 46694 = -51*c + 283050. List the prime factors of c.
5261
Suppose 2*o + 8*f = 29004, -2*f = -15*o + 13*o + 29024. What are the prime factors of o?
2, 5, 1451
Let a(m) = m**3 - 11*m**2 + 9*m - 4. Suppose -11*g - 4*c = -12*g + 1, 0 = -2*g + c + 23. What are the prime factors of a(g)?
11, 41
Suppose 5*p = 7*p - 108. What are the prime factors of (0 + 2)*6885/p?
3, 5, 17
List the prime factors of 41409/(-5)*610/(-183).
2, 3, 43, 107
Let p = 21785 - 11639. What are the prime factors of p?
2, 3, 19, 89
Let j(l) = -l - 10. Let h be j(-6). Let a(u) = 12*u + 42. Let q(t) = -t - 2. Let x(b) = a(b) + 18*q(b). List the prime factors of x(h).
2, 3, 5
Let i(r) = 11484*r**2 + 28*r + 6. List the prime factors of i(2).
2, 109, 211
Suppose 7*b + 12 = 40. Let r be 1*1*(82 - b). Suppose -w + 0*w = -r. What are the prime factors of w?
2, 3, 13
Let h(b) = -14*b + 24. Suppose r - 4*t + 40 = -3*r, t - 5 = 0. List the prime factors of h(r).
2, 47
Suppose -2*w + 22194 = 2*o, 16*o - 44380 = -4*w + 20*o. What are the prime factors of w?
2, 19, 73
Let h = -1923 + 6826. List the prime factors of h.
4903
Suppose 0 = -2*u + 2*b + 34242, 4*u - 68519 = -49*b + 46*b. List the prime factors of u.
2, 8563
Suppose -5*o = 5*l - 210, 3*l - 4*l - 4*o + 54 = 0. Let f = 12 + -84. Let h = l - f. List the prime factors of h.
2, 5, 11
Let l = -18543 + 54742. List the prime factors of l.
53, 683
Suppose -3*q - 6*k = -2*k - 70, -q + 35 = -k. Suppose 0 = -5*m - 2*u - q - 19, 5*m + 39 = 3*u. List the prime factors of 489*(-2 + (0 - 21/m)).
163
Let b(g) = 269*g - 2912. List the prime factors of b(87).
31, 661
Let n(r) = 5*r - 11. Let q be n(6). Suppose -t + 5*c + 139 = -q, 3*t - 500 = 2*c. Suppose t = 4*v + 3*v. What are the prime factors of v?
2, 3
Let n = 95 + -90. Suppose -g - 4 = 0, -n*k + 277 + 1021 = -2*g. What are the prime factors of k?
2, 3, 43
What are the prime factors of (-103752)/220*(-250)/15?
2, 3, 5, 131
Let p be (-6)/30 + (-2852)/(-10). Let c = -136 - -576. Suppose 5*y + h - p = 3*y, 3*y - c = h. List the prime factors of y.
5, 29
Let p(s) = 1665*s**3 - 4*s**2 - 21*s + 22. List the prime factors of p(1).
2, 3, 277
Let x(u) be the third derivative of 8/3*u**3 + 0*u + 0 + 1/30*u**5 + 1/6*u**4 + 11*u**2. What are the prime factors of x(-7)?
2, 43
Let m = -469 + -310. Let g = m - -1091. What are the prime factors of g?
2, 3, 13
Let q(s) = 243*s**3 - 2*s**2 - 24*s + 47. What are the prime factors of q(2)?
3, 5, 43
What are the prime factors of ((-3539)/3 + 336/48)/(4/(-30))?
5, 1759
Let q(g) = -g**2 + 13*g - 23. Let x be q(10). Let n be 3/x + (-234)/(-91). Let z = 97 + n. What are the prime factors of z?
2, 5
Suppose -k + 4*t = 3*k - 56, -5*k - t + 52 = 0. Let j(z) = 3*z + 0*z - z**2 - 15 + 3*z + k*z. What are the prime factors of j(11)?
3, 17
Let p = 14966 + -952. What are the prime factors of p?
2, 7, 11, 13
List the prime factors of (1785/(-14) + 11)*-534.
3, 89, 233
Let c = -25067 + 48412. What are the prime factors of c?
5, 7, 23, 29
Suppose -141*h - 15121 = -6767328 - 851077. What are the prime factors of h?
2, 13, 17, 61
Suppose -488 - 631 = 3*g. Let q = 518 + g. List the prime factors of q.
5, 29
What are the prime factors of (-9)/(-1) + (-6020)/(-50 - -22)?
2, 7
Suppose 3*v + 10 = 5*s, 2*v = 3*s - 2*v - 6. What are the prime factors of ((s/(-10))/1)/(6/(-690))?
23
Let i(y) = y**2 - y - 45. Let r be 5*273/42*(-4)/(-10). What are the prime factors of i(r)?
3, 37
Let d(l) = 2*l + 22. Let t be d(-13). Let n = t - -452. What are the prime factors of (n/40)/(-1 + 54/50)?
2, 5, 7
Suppose 0 = k - 3993 - 2397. List the prime factors of k.
2, 3, 5, 71
Let j(n) = -9*n**3 - 2*n**2 - 92*n + 12. List the prime factors of j(-8).
2, 1307
Suppose -10*w + 3*v + 145947 = -7*w, -5*w + v = -243221. What are the prime factors of w?
7, 6949
List the prime factors of ((-260416)/(-10))/2 + (-7)/(-35).
29, 449
Let w = -31 - -33. Suppose -w*t = -6 - 0. Suppose 3*b - 588 = -t*b. What are the